posite number?
False
Suppose 0 = -10*s + 6*s + 4. Let j(n) = 7*n - 1. Is j(s) a composite number?
True
Let l be (3 - 6 - -7) + 43. Suppose -4*b + 7 = l. Let j(h) = h**3 + 11*h**2 + 3*h + 13. Is j(b) a prime number?
True
Suppose 3531 = 7*m - 34486. Is m a prime number?
True
Let j = 11150 - -13131. Is j a composite number?
False
Let f(r) = -r**2 + 3*r + 4. Let k be f(7). Let u(o) = -2*o - 1. Let v be u(-2). Is (v/(-1) - k) + 2 a prime number?
True
Let n(d) = 114*d**2 - 38*d + 261. Is n(16) prime?
True
Suppose o = -o + 4. Let h(g) = -2*g - 2*g + g + o*g - g**2 - g**3 + 295. Is h(0) a composite number?
True
Suppose -3*j = -2*u - 11277, u - 11965 = -4*j + 3082. Is j a composite number?
False
Is (-3 - 0/(-2)) + 4 + 1356 a prime number?
False
Let z = 207 - 140. Suppose -z = -a + 118. Is a prime?
False
Let s(l) = -21209*l**3 - 3*l**2 - 8*l - 3. Is s(-1) a composite number?
False
Let z be (-4)/(-10) + 23/5. Suppose -2*s + 0*r - 3*r = -24, 3*r - 69 = -z*s. Let b = 428 - s. Is b composite?
True
Is -6 + 37035/21 - 16/28 composite?
True
Suppose -11995 = 15*z - 16*z. Is z prime?
False
Let k(u) = -u**3 - 2*u**2 - 2*u - 2. Let m be k(-3). Let j(p) = -p**2 + 13*p + 2. Let s be j(m). Is 4 + 18 - (1 - s) a prime number?
True
Let r = 1982 - -3839. Is r prime?
True
Let w(y) = -289*y - 856. Is w(-45) prime?
True
Let t(g) = 2*g + 6. Let f(d) = 10*d + 31. Let i(b) = -2*f(b) + 11*t(b). Let q be i(0). Suppose a + 2*c = -a + 392, -20 = -q*c. Is a a prime number?
True
Let k be (5 - 1)*((-3)/(-12) - 0). Is k*-2*4/8*-91 a prime number?
False
Suppose 218*a = 195*a + 1085669. Is a prime?
False
Let r(l) = 2*l - 1. Let u be r(0). Let b be (-13 - -14)/(u/(-7)). Let k(m) = m**3 - 6*m**2 + 2*m - 8. Is k(b) a composite number?
True
Let b be (-306)/21 - 3/7. Let m = -10 - b. Suppose -396 - 235 = -2*s - 3*t, 5*s - m*t = 1540. Is s a composite number?
False
Suppose -2*u + 4*t = -4590, 11470 = 26*u - 21*u - 5*t. Is u a composite number?
False
Let m(k) = 118*k + 81. Is m(7) prime?
True
Let g = -1734 + -6850. Let w = g + 16079. Is w composite?
True
Let g(l) = l**3 - 8*l**2 + 5*l + 3. Let d = -35 + 43. Is g(d) prime?
True
Is -1*(-10036)/4 + -6 a prime number?
True
Let j(s) = 77 - 76 - 1126*s**3 - 1206*s**3. Is j(-1) a prime number?
True
Let a = 1467 - -1396. Is a a prime number?
False
Suppose 5*a = 2*h - 31, 0 = -2*h - a + 25. Let b = -382 + 380. Let g = h + b. Is g a prime number?
True
Let k(y) = -107*y**3 - 2*y**2 + 5*y + 5. Is k(-3) composite?
False
Suppose 10*j - 12*j + 15454 = 0. Is j a composite number?
False
Let t(i) = -6*i - 22. Let b be t(-3). Is (508/24*-3)/(2/b) a prime number?
True
Suppose 104*n = 119*n - 59835. Is n a composite number?
False
Let r = -62 + 117. Is r composite?
True
Let m(k) = k**3 - 15*k**2 - 36*k - 15. Let t be m(19). Let q(o) = 42*o**2 + 4*o + 4. Let g be q(5). Let x = g - t. Is x a prime number?
False
Let r(t) = -49*t**3 - 4*t**2 + 4*t + 4. Let i be r(-4). Suppose -i + 364 = -4*w. Suppose -730 = -3*a - 2*q - 63, 0 = -3*a + 5*q + w. Is a a composite number?
False
Let l(g) = 16*g**2 - 11*g + 40. Is l(-27) prime?
False
Suppose 5*c = -h + 3332, 0*c - 4*c + 2656 = 4*h. Let n = 1200 - c. Is n a composite number?
True
Let v be 10/35 - 18/14. Let r be v/2 + 2/4. Is (r + 5 + -4)*329 composite?
True
Let h be (4 - (-60)/(-18))*(-8985)/(-2). Let q = -2116 + h. Is q a composite number?
True
Let o = 110 + 84. Is o a prime number?
False
Let f(x) = 72*x**2 - 15*x + 75. Is f(6) composite?
True
Let w be -673*-1*(6 + -4). Suppose w = 4*q - 1346. Is q composite?
False
Let v(s) = s + 149. Suppose 9*k - 7*k = 0. Is v(k) a composite number?
False
Let t = 98 + -74. Is 3/t + (-212333)/(-88) composite?
True
Suppose 4*q = -10*q + 384622. Is q a composite number?
True
Let l = 94 - 88. Is 42/(l/1)*79 a composite number?
True
Suppose -129*l - 8366 = -131*l. Is l composite?
True
Let t = 956 + -421. Is t a composite number?
True
Suppose 2*q + 0*q - 4 = -5*v, -2*v = 5*q + 11. Suppose v = a + m, -4*a + m + 6 = -3*a. Is a/8 + 450/4 a composite number?
False
Let u = -45 + 48. Suppose 0 = -u*p + 2*p + 267. Is p a prime number?
False
Let z = -185 + 334. Is z a composite number?
False
Suppose -15 = 5*w - 5*j, -4 = 2*w - j - 2. Let u(n) = -n - 28*n - 12*n + 9 + w. Is u(-9) a composite number?
False
Let r(m) be the second derivative of -m**5/20 - 2*m**4/3 + 3*m**3/2 - 7*m**2/2 - 4*m. Let g be r(-11). Suppose -v = -0*v - g. Is v composite?
False
Let g(s) = 3*s**3 - 10*s**2 - 5*s + 21. Let j(z) = -z**2 - 15*z - 36. Let v be j(-11). Is g(v) a composite number?
False
Let b = 62175 - 37906. Is b prime?
False
Is 19811 - (-7 + (-10)/(-2)) a composite number?
False
Let w = -126 - -128. Suppose -3*i + 1351 + 4062 = -2*o, -3587 = -w*i - 3*o. Is i a composite number?
False
Suppose 5*o - 23027 = 2*o + 5*n, 4*n = -4*o + 30724. Is o composite?
True
Suppose -9*w + 194406 = 45393. Is w a composite number?
True
Suppose 4*p - 26729 = -5*a + 6*p, -10703 = -2*a - 3*p. Is a a prime number?
True
Let y be (-11)/(-4*(-2)/24). Let m be (-1025)/11 - 6/y. Let q = 158 - m. Is q a composite number?
False
Let p = -2255 - -4434. Is p a prime number?
True
Suppose -h + 5*p + 1 = 0, -3*h + 2*p = -4 + 1. Is (3 - h)/(22/1309) a composite number?
True
Suppose -7*i + 3979 + 3763 = 0. Suppose 5*m - i = -2*t + 4*t, 0 = 5*m - t - 1103. Let x = m - -73. Is x a composite number?
False
Suppose 60*n - 5012 = 58*n - 2*a, -4*a = -12. Is n prime?
True
Suppose 6*c + 195 + 159 = 0. Let k = c + 246. Let z = k + -98. Is z composite?
False
Let k be 3*-1*16/(-24). Let t be 2*(7/2 - k). Suppose 639 = 4*i - b, i + t*b = -40 + 190. Is i a prime number?
False
Suppose g + 1 = -0, -x + 499 = g. Suppose 4*h + x = u + u, 4*u = -3*h + 967. Suppose -2*c + u = 18. Is c a prime number?
True
Let a(y) = -2*y**3 + 61*y**2 + 51*y - 35. Is a(29) a composite number?
False
Let m be 3 + 1 + -3 + 21702. Is m/55 + (-4)/(-10) prime?
False
Suppose 5*y - 868 = -5*b + 102, 5*y = 4*b + 961. Suppose 5*r - 1615 = 4*i, -3*r + 1007 - 6 = 4*i. Let l = r - y. Is l a prime number?
False
Suppose -z - 5*p + 158820 = -0*p, 0 = 5*p + 25. Is z a composite number?
True
Let k be (-6052)/51*3/(-2). Suppose 19 = -3*q + k. Is q a composite number?
False
Let p(c) = c**3 + 3*c**2 + 3*c + 1. Let r be p(-3). Let y = r - -13. Suppose -3*n = -y*f + 1170, 6*f + 4*n = 3*f + 731. Is f composite?
True
Let h(o) = -o**3 + 16*o**2 + 9*o + 23. Let b(x) = -x**3 + 15*x**2 + 8*x + 22. Let v(c) = -3*b(c) + 4*h(c). Is v(19) a composite number?
True
Suppose 12*l = 14*l - 6298. Is l composite?
True
Is 83/(32/(-80) + 543/1345) composite?
True
Suppose 2*f + 3*c + 96 = 0, 0 = -5*f + 2*c + c - 198. Let t = f - -20. Let x = t + 73. Is x a prime number?
False
Let v = 8431 + -2960. Is v a composite number?
False
Suppose -3*t + 5*v + 498 = -108, 5*v = -2*t + 429. Let g = t + 532. Is g a composite number?
False
Suppose -99463 + 25290 = -11*i. Is i a prime number?
False
Let w(j) = -6217*j + 25. Is w(-2) prime?
False
Let c = 72 + 5173. Is c a composite number?
True
Suppose -4*u + 9 = -11. Suppose 4*o - 5156 = 4*t, -o - 5136 = -u*o - t. Is o a prime number?
False
Let u(k) = 2*k - 9. Let p be u(7). Suppose p*v - 3*v + 10 = 3*g, -3*v - 17 = -5*g. Is (-267 - (v - -1))*-1 a composite number?
False
Let w(n) = 2*n - 3. Let f be 16/(-4) + 4 - 0. Let b be w(f). Is (1246/8)/(b/(-12)) composite?
True
Let f be (-2)/6*(6 - 12). Let h(r) = 6 - r**f + 1 - r + 12*r. Is h(6) composite?
False
Let p(y) be the first derivative of -17*y**2/2 + 3*y - 5. Let q = 6 + -14. Is p(q) a composite number?
False
Suppose 0 = -5*p + 4*t + 233, -t = p - 67 + 24. Suppose 2*i - p = -i. Is (-1 + 30)/(5/i) a composite number?
True
Let s = -20 + 14. Suppose -4*n + 2*r = -62, -5*n + 0*r = 5*r - 115. Is (-682)/s + (-12)/n a prime number?
True
Let i(p) = -13 - 8 - 25 - 164*p + 7. Is i(-8) prime?
False
Suppose 0*f + 147 = m + 5*f, m = 2*f + 133. Let q = m + 13862. Is q/6 + (-3)/18 a composite number?
False
Suppose -69*w - 160767 = -78*w. Is w a prime number?
True
Is 25/(-5) - (-71 - -4) a prime number?
False
Let b(p) = -19*p**3 + 13*p**2 + 2*p + 37. Is b(-7) a prime number?
True
Let b(x) = -10*x - 33. Suppose 0 = 2*t - 0*o - 4*o + 58, -5*o = -5*t - 120. Is b(t) a composite number?
False
Suppose 2*r + 2 = -3*g, 0*r + g - 8 = -5*r. Suppose r*k + o - 3811 = 0, -3*